False
Is 4898558953 prime?
True
Is 483809723 a composite number?
False
Is 367424087 composite?
False
Is 6284874053 a prime number?
False
Is 31988512687 a composite number?
False
Is 3740731991 prime?
True
Is 354760126337 a composite number?
True
Is 15749356451 a prime number?
True
Is 9027333187 a composite number?
False
Is 46304503039 prime?
False
Is 42597280279 a prime number?
True
Is 45187633157 composite?
False
Is 12494939407 prime?
False
Is 38541367327 a prime number?
False
Is 76511391349 prime?
False
Is 59621316929 prime?
True
Is 227126611 composite?
False
Is 8825149991 prime?
False
Is 8366835842 prime?
False
Is 5185138687 prime?
False
Is 2114331221 a prime number?
True
Is 163071079 a prime number?
True
Is 964780969 composite?
False
Is 6353673905 composite?
True
Is 353745203 composite?
True
Is 580893239 a composite number?
False
Is 1502011613 composite?
False
Is 113356758617 a composite number?
False
Is 194974842109 a composite number?
False
Is 499765127 a composite number?
True
Is 141493981 composite?
False
Is 4643357519 composite?
False
Is 373028869 prime?
False
Is 7003037801 a prime number?
True
Is 36557564255 composite?
True
Is 5554350299 a composite number?
True
Is 8727196879 prime?
False
Is 18100882091 prime?
False
Is 33204672451 composite?
False
Is 1527641507 a prime number?
False
Is 32311430881 prime?
True
Is 49665187769 composite?
True
Is 550316733 a prime number?
False
Is 2879869687 a prime number?
True
Is 4254867217 a prime number?
False
Is 915424189 a prime number?
True
Is 7192032317 composite?
True
Is 3263529221 a composite number?
False
Is 1335526939 composite?
True
Is 162983973179 prime?
True
Is 2085431171 composite?
True
Is 1900387271 prime?
False
Is 137843518027 a composite number?
True
Is 666248719 prime?
False
Is 88243091 a composite number?
False
Is 4139106601 a composite number?
True
Is 1314192785 prime?
False
Is 22803054647 a composite number?
True
Is 532602403 prime?
True
Is 62879347703 a prime number?
False
Is 14892614617 composite?
False
Is 125798483 composite?
True
Is 756138517 a composite number?
True
Is 482702929 a composite number?
False
Is 323365849 a prime number?
True
Is 7012694881 prime?
True
Is 631127353 a prime number?
False
Is 15321656965 composite?
True
Is 208769052005 a composite number?
True
Is 12661369681 a prime number?
True
Is 6993094709 composite?
False
Is 1552539493 composite?
False
Is 7232553211 composite?
True
Is 8061649537 composite?
True
Is 939611441 a prime number?
True
Is 1521152177 composite?
True
Is 41390053687 composite?
True
Is 27472708597 prime?
True
Is 3134100211 prime?
False
Is 1807198907 a composite number?
True
Is 15750091741 prime?
True
Is 4287823067 a prime number?
False
Is 819273787 a prime number?
False
Is 118003729 composite?
False
Is 766806193 composite?
True
Is 15746527193 prime?
False
Is 10512695623 composite?
True
Is 50842293407 composite?
False
Is 5864107283 prime?
False
Is 7221027259 composite?
True
Is 206182021 a composite number?
True
Is 73714729 composite?
True
Is 403438391 a composite number?
False
Is 168877335043 prime?
False
Is 21238037677 composite?
True
Is 214156973713 prime?
False
Is 9036025693 prime?
False
Is 8365093109 prime?
False
Is 3379724211 a composite number?
True
Is 11045125969 a prime number?
True
Is 1290581399 composite?
True
Is 17331639497 a composite number?
False
Is 430885032811 composite?
False
Is 340580033 composite?
False
Is 104702979109 a composite number?
True
Is 20817449 composite?
False
Is 195965971 a composite number?
False
Is 9281795161 a composite number?
False
Is 1619930591 a prime number?
True
Is 9303162083 prime?
True
Is 1562852537 a prime number?
False
Is 1623805433 a composite number?
True
Is 225661633 composite?
False
Is 9636858899 prime?
False
Is 22035867437 prime?
True
Is 5928149 a composite number?
True
Is 40727693 prime?
True
Is 112017642937 composite?
False
Is 2444816945 a prime number?
False
Is 646931221061 prime?
True
Is 38583592629 composite?
True
Is 28564174579 a composite number?
False
Is 1000571479 a prime number?
True
Is 7791398821 composite?
True
Is 875129326 composite?
True
Is 8939054515 prime?
False
Is 9481964549 a composite number?
False
Is 42848899 a composite number?
True
Is 3268465153 a composite number?
True
Is 31013442731 a composite number?
False
Is 5228426779 composite?
True
Is 4639627523 a prime number?
True
Is 68303234173 a composite number?
True
Is 2458865971 composite?
False
Is 52701276781 a prime number?
True
Is 14379578963 a composite number?
True
Is 515558009 a prime number?
True
Is 631980347 composite?
False
Is 477108971 prime?
True
Is 1917493777 composite?
False
Is 444502979 a composite number?
True
Is 1416349391 a composite number?
False
Is 493408021 composite?
True
Is 78983209 a composite number?
True
Is 40818454219 composite?
False
Is 24950877673 a composite number?
False
Is 22795648919 a composite number?
False
Is 223310069 a composite number?
True
Is 2757886667 a composite number?
False
Is 244122623 composite?
False
Is 657398231 prime?
False
Is 34595427491 prime?
True
Is 342191987 prime?
False
Is 477581791 a composite number?
False
Is 156938965979 composite?
False
Is 29336947 prime?
False
Is 1079102197 prime?
False
Is 29728858213 a composite number?
False
Is 865465163 prime?
True
Is 17166695371 a prime number?
False
Is 13250343895 composite?
True
Is 5938109393 composite?
False
Is 993606241 composite?
False
Is 9624457 prime?
False
Is 604553879 a composite number?
False
Is 16827246941 composite?
False
Is 56143091 a composite number?
True
Is 5264937809 composite?
False
Is 7010621 composite?
False
Is 149716937 prime?
False
Is 29664907619 a prime number?
True
Is 9679666663 a prime number?
False
Is 991851253 prime?
True
Is 25634671177 prime?
False
Is 79080653 composite?
True
Is 218437908961 a prime number?
False
Is 289690117 composite?
True
Is 15345305039 prime?
True
Is 3016400521 a composite number?
True
Is 11681732011 composite?
False
Is 252279115729 composite?
False
Is 8108031991 a composite number?
False
Is 60467274059 prime?
True
Is 2935194541 a composite number?
False
Is 1246573709 a composite number?
False
Is 15562748593 composite?
True
Is 38980984199 prime?
True
Is 290932233 prime?
False
Is 2469342391 a prime number?
False
Is 4294920374 a composite number?
True
Is 10847788979 composite?
True
Is 1062490547 prime?
True
Is 5917257581 composite?
True
Is 137579227 a composite number?
True
Is 235939001 prime?
False
Is 5507449817 composite?
False
Is 3687096577 prime?
True
Is 29024529349 a composite number?
True
Is 285844477 a prime number?
False
Is 881053567 prime?
True
Is 3996448249 a prime number?
False
Is 609416537 prime?
False
Is 110148607 a composite number?
False
Is 205046353 a composite number?
False
Is 3092053183 a prime number?
True
Is 272543719 a prime number?
False
Is 34472163199 prime?
True
Is 1055479949 prime?
True
Is 1230187417 a composite number?
False
Is 20962289 a prime number?
False
Is 1896380089 a prime number?
False
Is 1835984599 a composite number?
False
Is 24246568903 a composite number?
True
Is 33970058693 composite?
True
Is 44361471199 composite?
False
Is 1184070289 prime?
False
Is 3061708711 a composite number?
False
Is 46883079911 composite?
True
Is 2103895883 a composite number?
False
Is 1646318803 prime?
False
Is 34059132223 prime?
False
Is 6964706069 a composite number?
False
Is 131652107 prime?
False
Is 4761432041 composite?
True
Is 5196432337 a composite number?
False
Is 429913997 prime?
False
Is 168403585979 prime?
True
Is 7021421801 prime?
True
Is 6599703071 a prime number?
False
Is 80454398729 a prime number?
True
Is 2127699253 composite?
False
Is 4048719923 prime?
False
Is 2166907727 a composite number?
False
Is 82866798943 composite?
False
Is 74406565517 a composite number?
True
Is 7594506853 prime?
False
Is 3902048281 prime?
False
Is 4899738049 a composite number?
False
Is 36844455533 a composite number?
False
Is 3004486285 composite?
True
Is 175827264517 a composite number?
False
Is 921234077 composite?
False
Is 1838521573 a prime number?
False
Is 19249253413 prime?
False
Is 668313227 prime?
True
Is 205256116949 prime?
False
Is 42724086631 composite?
True
Is 10950601643 composite?
True
Is 4550402419 prime?
True
Is 1432556962 prime?
False
Is 2951728763 a prime